*2 + 3*q - 27. Let p(z) = -6*c(z) - 13*l(z). What is p(6)?
-1
Let d = -204 + 202. Suppose 0 = h + 7*r - 2*r - 29, 2*h = -4*r + 28. Let q(a) = 3*a + 3. Let g(w) = -9*w - 8. Let c(m) = h*g(m) + 11*q(m). What is c(d)?
7
Let o(k) = 13. Let w(t) = 12. Let b(q) = 5*o(q) - 6*w(q). Let p(f) = f + 1. Let r(i) = -b(i) - 3*p(i). Suppose -5*x + 4 = 4*g + 8, 4*g = 4*x + 32. Give r(g).
-8
Suppose -3*t = 5*o + 27, 4*o - 4*t = o + 7. Let r(g) be the first derivative of -20 - 2*g + 1/2*g**2. Give r(o).
-5
Suppose 5*k - 14 - 6 = 0. Let u(r) = -7*r + 8*r + 1 - 4 + k. Determine u(-7).
-6
Let k(z) be the first derivative of 15 - 1/3*z**3 + 2*z + 1/2*z**2. Let m be (-2)/((-1)/(6/(-4))). What is k(m)?
-10
Suppose 0 = -b + 1, -4*d - 5*b = -0*d - 45. Suppose -d + 10 = u. Let q(y) = y**3 + y**2 - y - 5. Determine q(u).
-5
Let s(j) = -j - 6. Let d(w) = -w - 4. Let k(v) = 2*d(v) - s(v). What is k(-4)?
2
Let m = -2 + 4. Let a(z) = 0*z**m + z**2 + 9*z - 2*z**2 - 13*z - 1. Give a(-3).
2
Let g(t) = -t + 3. Suppose -3 = -9*i + 87. Give g(i).
-7
Let s(d) = 58*d**2 - 55*d**2 + d**3 - 6 - 3*d + 0*d**2. Determine s(-4).
-10
Let h(b) = b**2 - b + 1. Let o(r) = 5*r**2 + 3*r + 5. Suppose 0*x - 3 = -3*f - 2*x, 2*x = -f + 1. Let g(s) = f*o(s) - 4*h(s). Determine g(-6).
-5
Let o(l) = -3 + l**2 + 0*l**2 + 1 - 3*l. Suppose 2*q + 2*q = -3*j + 23, 2*j + 4*q = 10. Let y be 1/(-4) + j/4. Determine o(y).
-2
Let c(q) be the third derivative of q**4/24 - q**3 + 7*q**2. Suppose 0 + 2 = 2*x - d, 0 = x - 2*d - 4. Suppose x = 3*m + 3*m - 36. Give c(m).
0
Let b(f) = -5*f - 3. Let v be (-10)/7 + (-16)/28. Calculate b(v).
7
Let z = 4 + -1. Let h(m) be the first derivative of -4*m + 6 + 2*m**2 - 1/3*m**3. What is h(z)?
-1
Let p be ((-135)/108)/(15/(-8) + 2). Let l(i) = i**3 + 10*i**2 - 2*i - 19. What is l(p)?
1
Let b(j) = j**3 - 4*j**2 + 4*j - 3. Let a be b(2). Suppose 2*d + 1 = -4*f + 17, 2*f = 6. Let k(w) = 5 + w + w**d - 2 - 5. Determine k(a).
4
Let u(s) = s**3 - 7*s**2 + 7*s - 6. Suppose x = -3*y + 15, -3*x + 3*y = -x - 3. Suppose -x*n + 10 = -26. Give u(n).
0
Suppose -3*t + 101 = 4*b, -4*b - 59 = -2*t - 5*b. Let a(h) = 2*h + 26*h**3 - t*h**3 - h**2 - h + 1. Determine a(-2).
3
Let q(m) = 107 + 43 - 69 - 4*m. Give q(20).
1
Suppose -2*s = 2*o + 18, -27 = 3*o + 2*s - 6*s. Let a(y) = 2*y + 16. Give a(o).
-2
Let m(u) = -u**3 + 5*u**2 - 9*u + 4. Let x be m(2). Let p(v) be the third derivative of -v**6/60 - v**5/20 - v**4/12 - v**3/2 + 5*v**2. Give p(x).
5
Suppose 0 = -5*z - 5*b + 20, -3*z + 5*b = 16 - 4. Let o(t) = 9*t - 6. Determine o(z).
3
Let j(o) = 10*o**3 + o**2 - 1. Let k(l) = -6*l + 14. Let q be k(2). Suppose 9*r = -7 - q. Give j(r).
-10
Let d(m) = m**3 - m**2 - 6*m + 5. Let j(g) = 2*g**3 - g**2 - 11*g + 10. Let y(q) = -5*d(q) + 2*j(q). Give y(5).
-15
Let n = 101 - 93. Let h(c) = -c**3 + 8*c**2 - 4*c - 5. Give h(n).
-37
Let z(h) = -h - 1. Let o(l) = l**3 - 3*l**2 - 2*l + 2. Let m be o(4). Let w be (-2)/(-8) - 55/(-4). Let c = w - m. Calculate z(c).
-5
Let o(k) = -k + 5. Let j(m) = 2*m**2 - 8*m + 31. Let u be j(6). Suppose 5*a + 20 = u. Calculate o(a).
-2
Suppose 0 = -0*t + 17*t. Let c(r) be the second derivative of t + 1/6*r**3 + 3/2*r**2 + 2*r. Determine c(0).
3
Let z(o) be the first derivative of 1/3*o**3 - 1/2*o**2 + 0*o + 3. Determine z(4).
12
Let g(a) = 3*a**2 - 24*a + 18. Let i(b) = b**2 - 8*b + 6. Let r(q) = -6*g(q) + 17*i(q). Let k = -418 + 423. Give r(k).
9
Let n(b) be the third derivative of -24*b**2 - 1/24*b**4 + 0*b - b**3 + 0. What is n(-5)?
-1
Let i be 3/((-24)/(-4))*60. Let v = i - 30. Let h(l) = v*l + 7 + 0*l - 2 + l. Determine h(-7).
-2
Let u(n) = -2*n**2 + 78*n - 3. Let t be u(39). Let k(d) = -2*d. Calculate k(t).
6
Let m(o) = -4*o + 2. Suppose 4*v - 6*v + 8 = 0. Suppose 12*i = -v*i + 80. Calculate m(i).
-18
Suppose -i + 6 = 3. Let d(r) = -1 - i*r + 14*r - 7*r + 3. Give d(-2).
-6
Let r(f) be the second derivative of -13/12*f**4 + 0*f**3 + 0 + 1/2*f**2 - 5*f. Suppose 7 = -5*y - p, 2 = 3*y - 7*y + p. What is r(y)?
-12
Let i(x) = -5*x - 4. Let v(a) = 15*a + 11. Let q(t) = -8*i(t) - 3*v(t). Calculate q(-1).
4
Let z(u) = 6*u + 1. Let n = 59 + -60. Let d(b) = -3*b - 5. Let k(f) = -2*f - 4. Let q(h) = -3*d(h) + 4*k(h). Let x(w) = n*z(w) + 4*q(w). What is x(-6)?
7
Let x(p) = -p + 10. Let i(g) = g**2 + 5*g + 7. Let n = -23 + 18. Let c be i(n). Give x(c).
3
Let b be (-44)/(-66) - 64/24. Let a(n) = -2*n**2 + 4*n + 4. Give a(b).
-12
Let c(y) = -2*y. Let t = 11 - 12. Let r = 12 + -11. Let v = t - r. What is c(v)?
4
Let y(m) = -2232 + 5*m**2 - 2*m**2 + 2230 - 2*m**2. Give y(-2).
2
Let v(r) = -r - 1. Let l be ((-36)/(-42))/((-1)/(-7)). Let t(i) = -4*i + 20. Let s(d) = 2*d - 10. Let h(k) = l*t(k) + 11*s(k). Let c be h(4). Give v(c).
-3
Let y(u) = -10*u + 1. Suppose k - 441 = -20*k. Suppose -3*f + 21 = 3*c - 57, 0 = f + 2*c - 30. Let n = k - f. Determine y(n).
11
Suppose 0 = -7*s - 8*s + 30. Let m(l) be the first derivative of -4/3*l**3 + 1 - 1/4*l**4 - 2*l + 7/2*l**s. Calculate m(-5).
-12
Let k = 73 + -7. Let v be 3 + 1/5 + k/(-30). Let p(a) = -7*a + 3*a - 6*a. Determine p(v).
-10
Let l be (28/(-6))/(151/453). Let z(f) = f**3 + 15*f**2 + 16*f + 29. Determine z(l).
1
Let h be 2/(((-8)/(-3))/4). Let q(n) = -n**3 + n**3 + 3*n**2 + 2*n**2 + 5 + 4*n + n**h. Let v be (7 - (5 + -2))*-1. Determine q(v).
5
Let c(n) be the second derivative of n**3/6 - n**2/2 + n. Let s = -3607 - -3608. Give c(s).
0
Let n(q) be the first derivative of -q**4/4 + 8*q**3/3 + 5*q**2 + 3*q + 402. What is n(9)?
12
Let p(z) = -1 + 2 + 11*z + 0*z + 4. Calculate p(-4).
-39
Let x(w) = -3*w + 2. Let t be x(-3). Let q = t - -5. Let g = q - 16. Let i(c) = -c + 5. Determine i(g).
5
Let f(j) = 2*j**3 - j**2 - 2*j + 2. Let v(h) = -h**3 + h. Let n(i) = -f(i) - v(i). Suppose 31*l + 19 = 19. Give n(l).
-2
Let w(x) = x - 3. Suppose -k - 42 = -39. Give w(k).
-6
Let n(p) = p**2 + p - 2. Let b be n(-2). Let u(r) = r**2 + r + 42. Calculate u(b).
42
Let x(n) = -3*n**3 - 12*n**2 + 7*n. Let w(p) = -4*p**3 - 13*p**2 + 7*p. Let a(q) = -4*w(q) + 5*x(q). Give a(7).
0
Suppose 0 = 3*s - 12 - 0. Suppose -s*v = 5*k - 16 + 3, -8 = -4*v. Let w be (k - -2)*1/3. Let t(j) = 5*j - 1. Give t(w).
4
Let r(p) = -7*p + 72. Let g be r(10). Let t(l) = -2*l**2 + 4*l - 5. Calculate t(g).
-5
Let x(g) = -g**2 + 9*g + 5. Let w be x(9). Suppose 9 = -w*q + 24. Let c(n) be the third derivative of -n**4/12 + n**3/2 + 27*n**2 + 2*n. Give c(q).
-3
Let l(s) = s + 3. Let b(u) = 2*u**2 - 17*u - 6. Let i be b(9). Let n be -3 - (i - -2) - -4. Give l(n).
-1
Suppose -3*q = -2*w + 34, -3*w + 0*w + 50 = -5*q. Suppose 7*l = 12*l + w. Let i(h) = h**2 + 5*h - 4. Calculate i(l).
-8
Let p(r) = -4*r**2 + 34*r + 19. Let t be p(9). Let q(l) = -16*l - 1. Determine q(t).
-17
Let r(b) = 5*b**3 - 4*b**2 - 10*b + 6. Let m(q) = 2*q**3 + q**2 - 3*q + 1. Let k(j) = -2*m(j) + r(j). What is k(5)?
-41
Let y(q) be the second derivative of -q**3/3 - 3*q**2 + 214*q. Let v = 2 - 7. Determine y(v).
4
Let l(y) = 1 + 3*y + 0*y - 2*y - 9. Determine l(9).
1
Suppose -3*w + 7 = 2*b, 0*w - 2*b + 13 = 5*w. Let y(q) = 4 + 6*q - 41*q**2 - q**w + 0*q + 47*q**2. What is y(7)?
-3
Let l(v) be the third derivative of v**5/60 - 5*v**4/12 + v**3/2 + 2*v**2 - 6*v. Let j(t) = 11*t**3 - t**2 + t - 1. Let a be j(1). Calculate l(a).
3
Let f(u) be the first derivative of 3*u**2/2 + 9*u - 59. Calculate f(7).
30
Suppose -p - 85 = 4*p. Let u = -15 - p. Let y(k) = 1 + k**2 - 6*k**u - 4*k**3 - k**3 + 3*k**2. What is y(1)?
-6
Let l(f) = -37*f + 45. Let v(o) = 20*o - 23. Let x(k) = -6*l(k) - 11*v(k). What is x(7)?
-3
Suppose 6*z + 44 = 2*z. Let o = z - -16. Suppose 5 + 0 = o*b. Let u(s) = 7*s. Calculate u(b).
7
Let d(w) = 13*w**2 - 7*w + 8. Let u(z) = 5*z**2 - 3*z + 2. Let k(f) = -2*d(f) + 5*u(f). Give k(6).
-48
Let n(g) = g**3 + 7*g**2 + 2*g - 3. Let p(w) = 3*w - 4. Let y be p(-1). Calculate n(y).
-17
Suppose -3*b - 33*g + 36*g = -9, -41 = -3*b - 5*g. Let l(a) = a**3 - 5*a**2 - 10*a + 10. What is l(b)?
38
Let i(s) = 1 - s + 3*s - 2. Let b = -23 - -26. Suppose -3*l - l = -2*o - 28, b*o + 18 = 2*l. What is i(l)?
11
Let d(u) be the third derivative of -u**6/120 + u**5/12 - u**4/6 + u**3/6 - 4*u**2. Let w(x) = -x**3 - 13*x**2 + 2*x + 29. Let h be w(-13). Give d(h).
7
Let x(n) = -n**3 + n**2 - n. Suppose -54 = -5*g - y, 0 = 2*g + 4*y + y - 